 4*h = -s*h + 24. What are the prime factors of (-1)/3 + 32/h?
5
Let z = -14 - -8. Let i(t) = -56*t + 1. Let l be i(2). What are the prime factors of 2/z - l/9?
2, 3
Let w = -30 + 42. Suppose 3*l = -l - w. Let s = 8 - l. List the prime factors of s.
11
Suppose -3*f - f - 226 = -2*k, 5*k + 2*f = 541. List the prime factors of k.
109
Let v = -3 - -10. Let k = 12 - v. Suppose -2*j + 4 = -0, -k*f = -5*j - 15. List the prime factors of f.
5
Suppose -6*n = -n + 20. Let d(l) = -3*l + 33. Let p(z) = 2*z - 17. Let w(a) = n*d(a) - 7*p(a). List the prime factors of w(-10).
7
List the prime factors of 290/9 - 6/27.
2
Suppose -5 - 5 = -2*u. Let q(m) = u*m - m - m - 9. List the prime factors of q(6).
3
Let w = 7 - 5. Let u(k) be the third derivative of k**4/6 - k**2. List the prime factors of u(w).
2
Let t = 179 - 103. List the prime factors of t.
2, 19
Let a(c) = 12*c**2 + 1. Let j be 1/(-2)*-10 + 0. Suppose 3*l + j*w + 17 = 0, -5*l - 3*w + 2*w = -1. List the prime factors of a(l).
13
Let j(y) be the third derivative of -17*y**4/12 - y**3/6 + 3*y**2. What are the prime factors of j(-1)?
3, 11
Suppose 2*s - 7*s + 4*d = -751, -4*s + 609 = 5*d. What are the prime factors of s?
151
Let g = 5 - 2. Let j = -5 + g. List the prime factors of 30/6 - j/(-2).
2
Let o be 16*3/18*3. Let p = o - 4. List the prime factors of p.
2
Suppose -3*k + 4*k - u + 33 = 0, -k - 4*u - 23 = 0. Let w be (-2)/(-11) + k/(-11). Suppose -4*n = -3*n - w. What are the prime factors of n?
3
Let a = -2 - -4. Suppose -8 = a*p - 4*p. What are the prime factors of p?
2
Let c = -29 - -129. What are the prime factors of c?
2, 5
Let k(a) = -2*a**2 - 28*a - 12. What are the prime factors of k(-9)?
2, 3, 13
Let b be (-6)/((3/12)/(-1)). Let v = b - 11. List the prime factors of v.
13
Let h be -1 - 13 - (-9 + 5). Let l(o) = -3*o + 9. What are the prime factors of l(h)?
3, 13
Let s(z) = 3. Let a(y) = -y**2 + y + 10. Let u(n) = -2*a(n) + 7*s(n). What are the prime factors of u(3)?
13
Let r = 205 + 105. List the prime factors of r.
2, 5, 31
Suppose -40*b + 44*b = 640. What are the prime factors of b?
2, 5
Let b = 326 - 226. What are the prime factors of b?
2, 5
Suppose -244 = -9*d + 764. List the prime factors of d.
2, 7
Let b be (3/(-2))/((-1)/(-2)). Let c(z) = -z**3 - 2*z**2 - 2*z. List the prime factors of c(b).
3, 5
Let n be 1 + 4/(-2) + 0. Let v = n + 17. Suppose -3*t + v = -t. List the prime factors of t.
2
Let r be (-1)/(3 - 140/46). Suppose 2*d = -3*g + 44, -2*g + r + 7 = d. What are the prime factors of g?
2
Let m be (-2 - -2) + (0 - -4). Suppose 2*z - 32 = -m*d, -3*d = 5*z - 0*z - 17. List the prime factors of d.
3
Suppose -7 - 15 = h. Let z = -13 - h. List the prime factors of z.
3
Let y be ((-2)/4)/(3/(-12)). Let r = y - -3. Suppose -5*v = -r*f - 30, -24 = -3*v - 2*f + 3*f. What are the prime factors of v?
3
Suppose 10*f = 13*f - 675. List the prime factors of f.
3, 5
Suppose 0 = 2*r - 3*y + 60, 4*r - 2*y - y = -114. List the prime factors of (0 + 4)*r/(-6).
2, 3
Suppose 0 = u - 5*d - 156, d - 4*d = u - 124. List the prime factors of u.
2, 17
Suppose 0 = 2*a - 3 + 5. Let k = 6 + a. Suppose -3*d + k*j + 23 + 10 = 0, 4*d + j - 21 = 0. List the prime factors of d.
2, 3
Let w = -193 - -338. List the prime factors of w.
5, 29
Let x(v) = -v + 14. Let a be x(9). Let u(h) = -h**3 + 2. Let p be u(0). Suppose -d - 31 = -4*k, d - a = -p*k - 2*d. List the prime factors of k.
7
Let h(u) = -u + 10. Let x be h(8). Suppose -x*f + 8 = 3*s, 5*f + 4*s - 4 = 3*f. What are the prime factors of f?
2, 5
Suppose -22*c = -18*c - 392. List the prime factors of c.
2, 7
Let h = 2 + -1. Suppose 4*d - 20 = 4*o, 2*d - h = -2*o + 1. List the prime factors of d.
3
Suppose 2*o + 264 = -4*h - o, -4*h + 5*o - 296 = 0. What are the prime factors of (h/(-6) - 3)*4?
2, 17
Let o(g) = -g + 13. Suppose -8 = -f - 4*m, 2*m = 3 + 1. What are the prime factors of o(f)?
13
Let g(d) = 12*d**2. Suppose -5*q = 3*o - 4 + 1, 5*o = 5*q + 5. Let n be g(o). List the prime factors of (-1 - 1) + 5 + n.
3, 5
Let c(d) = d + 87. List the prime factors of c(0).
3, 29
Let h be -2*(3 - 12) + 2. Suppose 2*s - 40 = -6*z + z, 0 = -4*s + h. List the prime factors of z.
2, 3
Let p(g) = g**2 + 6*g + 5. Let z be p(-6). Suppose 3*v - 3*k = 12, -3*k + 8 = -3*v - z*k. Let n = 5 - v. What are the prime factors of n?
5
What are the prime factors of 947/7 + 2/(-7)?
3, 5
Let a = -9 - -15. Let x be a/(3/(-6)*-4). Suppose 2*b - x = -m + 6, -13 = -m - 4*b. What are the prime factors of m?
5
Let y(n) = -2*n + 1. Suppose -q = -6*q. Suppose q = 2*j + 5*g + 7, -g + 4 = -5*g. List the prime factors of y(j).
3
What are the prime factors of (6 - -29)*(-1 - -2)?
5, 7
Let z = -16 - -39. List the prime factors of z.
23
Suppose -2*a - 4*z + 54 = 0, -2*a + 0*a + 52 = 3*z. Suppose -4*s + 12 = -2*g - 6, a = 4*s - 3*g. Suppose -3 = -s*p + 1. What are the prime factors of p?
2
Let g be 2/(-6) - 32/(-6). Let l(p) = 8*p - 6. Let r(w) = -7*w + 5. Let b(v) = -5*l(v) - 6*r(v). What are the prime factors of b(g)?
2, 5
Suppose 0 = -2*x + 5*x. Let b(s) = -s**3 + 7. What are the prime factors of b(x)?
7
Let c = 157 - 20. Suppose 3*i + 2*a - 83 = 0, 0 = 5*i - 0*i + 4*a - c. Let p = i - 17. What are the prime factors of p?
2, 3
Suppose 128 = r - 64. What are the prime factors of r?
2, 3
Let s(y) = -1 + 1 + 5*y + 11 - 3*y. List the prime factors of s(7).
5
Suppose 2*t - 28 = -4. Suppose 2*b = -2*q - 4, 3*q + t + 9 = 2*b. What are the prime factors of (b/(-1))/((-3)/4)?
2
Let y be ((-8)/(-6))/(6/9). Suppose 0 = -c + 11 + y. List the prime factors of c.
13
Let w(a) = -5*a + 12. What are the prime factors of w(-4)?
2
Suppose 3*n + 64 = 7*n. List the prime factors of n.
2
Let m(l) = -2*l**2 + l + 1. Let a be m(2). What are the prime factors of (-1)/a + (-54)/(-30)?
2
Let v(h) = -h**2 + 2*h + 3. Let i be v(-2). Let c(p) = p**2 + 2*p - 3. What are the prime factors of c(i)?
2, 3
List the prime factors of (-2)/((-2)/1 - (-224)/113).
113
Suppose -503 = -4*x + 3*b - 4*b, 0 = -5*x - 4*b + 626. What are the prime factors of x?
2, 3, 7
Let b = -24 + 39. Suppose b = 2*z + z. List the prime factors of z.
5
Suppose 0 = t + 4, 3*x = -t + 6*t - 25. What are the prime factors of ((-6)/3)/2 - x?
2, 7
Let j = 83 + -41. What are the prime factors of j?
2, 3, 7
Let x = 53 + 8. List the prime factors of (-1)/3 + x/3.
2, 5
Suppose -4*x = 4 + 12. Let n be 284/18 + (-4)/(-18). Let f = n + x. What are the prime factors of f?
2, 3
Let x(h) = -h**2 + 15*h - 14. What are the prime factors of x(7)?
2, 3, 7
Suppose -68 = 4*b - 4*x, 3*b + 25 = -3*x - 8. Suppose a + 3*d + 11 = 0, 2*d = 3*a + 4*d + 12. What are the prime factors of -3 - (a - -1) - b?
2, 3
Let m(s) = 3*s**2 - 18*s + 5. List the prime factors of m(-7).
2, 139
Suppose 2*k - 80 = 3*j - 14, 3*k - 3*j = 102. List the prime factors of k.
2, 3
Let y(w) = w**3 - 3*w**2 + 3*w. Suppose 2*s = -p - 0*p + 10, 2*p - 4*s + 12 = 0. Let k be y(p). List the prime factors of k/(3/((-45)/(-6))).
5
Let f(x) = 5*x**2 + 6*x - 9. Let c be f(9). What are the prime factors of 1/4 - c/(-24)?
19
Let q(l) = -30*l - 4. Let c be q(-3). Suppose 3*p + 3*n - 78 = 0, -n + c = 3*p + 4*n. What are the prime factors of p?
2, 11
List the prime factors of (-1)/(-3 - (-976)/326).
163
Suppose 4*u + 0*u - 16 = -4*m, -3*m = 2*u - 9. Suppose -v - 12 = -u*v. Let q(c) = c**2 - 5*c - 1. What are the prime factors of q(v)?
5
What are the prime factors of 51*2/(-4)*28/(-6)?
7, 17
Let v = 11 + 28. What are the prime factors of v?
3, 13
Let b = -13 + 42. What are the prime factors of b?
29
Let p = -171 + 364. What are the prime factors of p?
193
Let j(a) = -91*a**3 - 2*a**2 + a + 2. What are the prime factors of j(-1)?
2, 3, 5
Let a = -1 - -1. Let s = a - -7. What are the prime factors of s?
7
Let n(q) = 2*q**2 - 6*q - 4. What are the prime factors of n(-5)?
2, 19
Let p(o) = 4*o**2 + 2*o + 3. What are the prime factors of p(-4)?
59
Let r(c) = -11*c**3 - 39*c**2 + 2*c - 49. Let s(j) = -4*j**3 - 13*j**2 + j - 16. Let f(i) = 3*r(i) - 8*s(i). List the prime factors of f(-13).
7
Let m be -3 - 1/(2/2). Let n = 4 - m. What are the prime factors of n?
2
Suppose -h = 2*h + 6. List the prime factors of 535/35 - h/(-7).
3, 5
Suppose 504 = 8*u - 2*u. List the prime factors of u.
2, 3, 7
Suppose i - 2 = -b - i, 10 = 5*b - i. S